
1
What is the hundreds digit of 1292?
2
What is the thousands digit of 2026?
2
What is the tens digit of 1372?
7
What is the units digit of 1832?
2
What is the units digit of 50007?
7
What is the units digit of 47928?
8
What is the units digit of 107184?
4
What is the units digit of 46999?
9
What is the thousands digit of 3305?
3
What is the units digit of 1103?
3
What is the units digit of 1477?
7
What is the hundreds digit of 1338?
3
What is the hundreds digit of 1553?
5
What is the tens digit of 5989?
8
What is the thousands digit of 1152?
1
What is the ten thousands digit of 38864?
3
What is the units digit of 41?
1
What is the tens digit of 1708?
0
What is the hundreds digit of 54249?
2
What is the tens digit of 33254?
5
What is the hundreds digit of 674?
6
What is the hundreds digit of 7530?
5
What is the hundreds digit of 2042?
0
What is the units digit of 359?
9
What is the units digit of 5809?
9
What is the thousands digit of 1094?
1
What is the ten thousands digit of 16468?
1
What is the hundreds digit of 929?
9
What is the tens digit of 962?
6
What is the units digit of 25049?
9
What is the ten thousands digit of 203175?
0
What is the hundreds digit of 4257?
2
What is the units digit of 3712?
2
What is the hundreds digit of 28017?
0
What is the units digit of 833?
3
What is the tens digit of 25331?
3
What is the units digit of 1030?
0
What is the thousands digit of 31213?
1
What is the units digit of 6308?
8
What is the thousands digit of 6450?
6
What is the thousands digit of 38969?
8
What is the units digit of 1112?
2
What is the tens digit of 166705?
0
What is the hundreds digit of 4266?
2
What is the tens digit of 39594?
9
What is the hundreds digit of 728?
7
What is the units digit of 10000?
0
What is the hundreds digit of 19404?
4
What is the thousands digit of 28539?
8
What is the thousands digit of 1489?
1
What is the thousands digit of 23920?
3
What is the hundreds digit of 17384?
3
What is the tens digit of 4066?
6
What is the tens digit of 722?
2
What is the units digit of 7183?
3
What is the tens digit of 3413?
1
What is the hundreds digit of 613?
6
What is the tens digit of 7301?
0
What is the hundreds digit of 8081?
0
What is the hundreds digit of 92158?
1
What is the ten thousands digit of 50524?
5
What is the tens digit of 8745?
4
What is the units digit of 116?
6
What is the units digit of 2954?
4
What is the units digit of 15367?
7
What is the ten thousands digit of 35071?
3
What is the tens digit of 51043?
4
What is the ten thousands digit of 65757?
6
What is the hundreds digit of 89920?
9
What is the thousands digit of 17897?
7
What is the thousands digit of 11053?
1
What is the units digit of 3646?
6
What is the thousands digit of 14328?
4
What is the units digit of 1798?
8
What is the thousands digit of 153260?
3
What is the tens digit of 2971?
7
What is the ten thousands digit of 11882?
1
What is the hundreds digit of 802?
8
What is the hundreds digit of 2196?
1
What is the tens digit of 67693?
9
What is the hundred thousands digit of 104589?
1
What is the units digit of 682?
2
What is the units digit of 2265?
5
What is the tens digit of 11566?
6
What is the tens digit of 17392?
9
What is the units digit of 6772?
2
What is the tens digit of 2227?
2
What is the ten thousands digit of 30844?
3
What is the tens digit of 9350?
5
What is the thousands digit of 3079?
3
What is the ten thousands digit of 30502?
3
What is the tens digit of 76901?
0
What is the tens digit of 5099?
9
What is the hundreds digit of 391?
3
What is the thousands digit of 27023?
7
What is the hundreds digit of 327?
3
What is the thousands digit of 2619?
2
What is the hundreds digit of 2553?
5
What is the hundreds digit of 28383?
3
What is the hundreds digit of 3902?
9
What is the tens digit of 3211?
1
What is the thousands digit of 12269?
2
What is the tens digit of 7834?
3
What is the units digit of 50288?
8
What is the tens digit of 9845?
4
What is the ten thousands digit of 137286?
3
What is the units digit of 3253?
3
What is the tens digit of 6273?
7
What is the thousands digit of 2768?
2
What is the thousands digit of 59011?
9
What is the hundreds digit of 2488?
4
What is the thousands digit of 6967?
6
What is the hundreds digit of 39647?
6
What is the tens digit of 4780?
8
What is the units digit of 29521?
1
What is the thousands digit of 1500?
1
What is the tens digit of 1861?
6
What is the tens digit of 8597?
9
What is the tens digit of 122203?
0
What is the ten thousands digit of 66527?
6
What is the thousands digit of 7517?
7
What is the units digit of 46788?
8
What is the tens digit of 203462?
6
What is the thousands digit of 1004?
1
What is the units digit of 3253?
3
What is the hundreds digit of 11430?
4
What is the thousands digit of 1380?
1
What is the hundreds digit of 364?
3
What is the units digit of 90902?
2
What is the units digit of 797?
7
What is the units digit of 9?
9
What is the tens digit of 468?
6
What is the hundreds digit of 21173?
1
What is the units digit of 1489?
9
What is the tens digit of 1241?
4
What is the hundreds digit of 1192?
1
What is the units digit of 148?
8
What is the tens digit of 852?
5
What is the hundreds digit of 14663?
6
What is the hundreds digit of 1118?
1
What is the thousands digit of 48350?
8
What is the tens digit of 1548?
4
What is the tens digit of 25174?
7
What is the hundreds digit of 138390?
3
What is the units digit of 603?
3
What is the ten thousands digit of 48153?
4
What is the thousands digit of 3180?
3
What is the units digit of 26?
6
What is the tens digit of 2741?
4
What is the thousands digit of 1169?
1
What is the tens digit of 2823?
2
What is the hundreds digit of 9442?
4
What is the thousands digit of 10426?
0
What is the ten thousands digit of 46322?
4
What is the tens digit of 1892?
9
What is the units digit of 2245?
5
What is the tens digit of 97?
9
What is the hundreds digit of 4198?
1
What is the tens digit of 25268?
6
What is the tens digit of 2248?
4
What is the hundreds digit of 2643?
6
What is the thousands digit of 4665?
4
What is the thousands digit of 24600?
4
What is the thousands digit of 1310?
1
What is the tens digit of 72?
7
What is the hundreds digit of 500?
5
What is the hundreds digit of 8409?
4
What is the hundreds digit of 109213?
2
What is the hundreds digit of 2960?
9
What is the tens digit of 1964?
6
What is the units digit of 676?
6
What is the thousands digit of 44225?
4
What is the hundreds digit of 2332?
3
What is the tens digit of 143?
4
What is the hundreds digit of 27012?
0
What is the units digit of 12008?
8
What is the hundreds digit of 12797?
7
What is the hundreds digit of 1848?
8
What is the units digit of 2278?
8
What is the ten thousands digit of 10860?
1
What is the units digit of 74810?
0
What is the units digit of 265?
5
What is the tens digit of 9796?
9
What is the thousands digit of 104458?
4
What is the tens digit of 3557?
5
What is the thousands digit of 136889?
6
What is the units digit of 25096?
6
What is the units digit of 27750?
0
What is the thousands digit of 136180?
6
What is the ten thousands digit of 17348?
1
What is the ten thousands digit of 39504?
3
What is the hundreds digit of 139?
1
What is the tens digit of 16580?
8
What is the thousands digit of 1510?
1
What is the thousands digit of 1484?
1
What is the units digit of 1845?
5
What is the tens digit of 3437?
3
What is the tens digit of 775?
7
What is the units digit of 10973?
3
What is the tens digit of 1650?
5
What is the tens digit of 7515?
1
What is the tens digit of 6992?
9
What is the units digit of 12985?
5
What is the ten thousands digit of 15219?
1
What is the hundreds digit of 8590?
5
What is the hundreds digit of 50168?
1
What is the hundreds digit of 118265?
2
What is the hundreds digit of 24026?
0
What is the units digit of 4222?
2
What is the tens digit of 7620?
2
What is the hundreds digit of 42302?
3
What is the tens digit of 6938?
3
What is the hundreds digit of 4277?
2
What is the tens digit of 4026?
2
What is the tens digit of 103758?
5
What is the units digit of 2490?
0
What is the ten thousands digit of 21529?
2
What is the hundreds digit of 8764?
7
What is the units digit of 2482?
2
What is the thousands digit of 112133?
2
What is 